{"id":35176,"date":"2014-12-22T13:13:13","date_gmt":"2014-12-22T13:13:13","guid":{"rendered":"https:\/\/www.alarcon-matosas.com\/urbanisme-2\/"},"modified":"2016-10-02T17:08:35","modified_gmt":"2016-10-02T17:08:35","slug":"urbanisme","status":"publish","type":"page","link":"https:\/\/www.alarcon-matosas.com\/es\/urbanisme\/","title":{"rendered":"Urbanismo"},"content":{"rendered":"<div class=\"wpb-content-wrapper\"><p>[vc_row][vc_column width=\u00bb1\/1&#8243;][vc_empty_space height=\u00bb40px\u00bb][vc_column_text css_animation=\u00bbfadeIn\u00bb]<\/p>\n<h2>Urbanismo<\/h2>\n<h4><\/h4>\n<p>[\/vc_column_text][vc_empty_space height=\u00bb40px\u00bb][\/vc_column][\/vc_row][vc_row][vc_column width=\u00bb1\/2&#8243;][vc_column_text css_animation=\u00bbfadeIn\u00bb]<em><span class=\"body\">m. Conjunto de conocimentos relacionado con la planificaci\u00f3n y desarrollo de las cuidades.<br \/>\n<\/span><\/em>[\/vc_column_text][\/vc_column][vc_column width=\u00bb1\/2&#8243;][vc_column_text css_animation=\u00bbfadeIn\u00bb]<\/p>\n<p><em><span class=\"tagline\">m.<\/span><span class=\"body\"><span class=\"tip\"> Organizaci\u00f3n u ordenaci\u00f3n de los edificios y espacios de una ciudad.<\/span><\/span><\/em><\/p>\n<p>[\/vc_column_text][\/vc_column][\/vc_row][vc_row][vc_column width=\u00bb1\/1&#8243;][vc_empty_space height=\u00bb40px\u00bb][\/vc_column][\/vc_row][vc_empty_space height=\u00bb40px\u00bb][vc_row][vc_column width=\u00bb1\/4&#8243;][vc_column_text css_animation=\u00bbfadeIn\u00bb]<\/p>\n<h4>TERRITORIO<\/h4>\n<p>Cada territorio es un espacio \u00fanico con un car\u00e1cter propio, es necesario reconocer sus caracter\u00edsticas diferenciadoras para poder respetarlas y potenciarlas.<\/p>\n<p>[\/vc_column_text][vc_empty_space height=\u00bb20px\u00bb][\/vc_column][vc_column width=\u00bb1\/4&#8243;][vc_column_text css_animation=\u00bbfadeIn\u00bb]<\/p>\n<h4>CIUDADANOS<\/h4>\n<p>Los espacios de uso p\u00fablico son un regalo para los habitantes de cada pueblo o ciudad, deben dise\u00f1arse para servir a sus necesidades.<\/p>\n<p>&nbsp;<\/p>\n<p>[\/vc_column_text][vc_empty_space height=\u00bb20px\u00bb][\/vc_column][vc_column width=\u00bb1\/4&#8243;][vc_column_text css_animation=\u00bbfadeIn\u00bb]<\/p>\n<h4>USOS<\/h4>\n<p>Los espacios p\u00fablicos deben poder ser utilizados por todos los cuidadanos, conseguir una buena accessibilidad debe ser el principal objectivo.<\/p>\n<p>&nbsp;<\/p>\n<p>[\/vc_column_text][vc_empty_space height=\u00bb20px\u00bb][\/vc_column][vc_column width=\u00bb1\/4&#8243;][vc_column_text css_animation=\u00bbfadeIn\u00bb]<\/p>\n<h4>CONSERVACI\u00d3N<\/h4>\n<p>Utilizar materiales durables y seguros hace que los espacios puedan ser disfrutados en optimas condiciones a pesar del paso del tiempo.<\/p>\n<p>&nbsp;<\/p>\n<p>[\/vc_column_text][vc_empty_space height=\u00bb20px\u00bb][\/vc_column][\/vc_row][vc_column width=\u00bb1\/4&#8243;][vc_empty_space height=\u00bb20px\u00bb][\/vc_column]<\/p>\n<\/div>","protected":false},"excerpt":{"rendered":"<p>[vc_row][vc_column width=\u00bb1\/1&#8243;][vc_empty_space height=\u00bb40px\u00bb][vc_column_text css_animation=\u00bbfadeIn\u00bb] Urbanismo [\/vc_column_text][vc_empty_space height=\u00bb40px\u00bb][\/vc_column][\/vc_row][vc_row][vc_column width=\u00bb1\/2&#8243;][vc_column_text css_animation=\u00bbfadeIn\u00bb]m. Conjunto de conocimentos relacionado con la planificaci\u00f3n y desarrollo de las cuidades. [\/vc_column_text][\/vc_column][vc_column width=\u00bb1\/2&#8243;][vc_column_text css_animation=\u00bbfadeIn\u00bb] m. Organizaci\u00f3n u ordenaci\u00f3n de los edificios y espacios de una ciudad. [\/vc_column_text][\/vc_column][\/vc_row][vc_row][vc_column width=\u00bb1\/1&#8243;][vc_empty_space height=\u00bb40px\u00bb][\/vc_column][\/vc_row][vc_empty_space height=\u00bb40px\u00bb][vc_row][vc_column width=\u00bb1\/4&#8243;][vc_column_text css_animation=\u00bbfadeIn\u00bb] TERRITORIO Cada territorio es un espacio \u00fanico con un car\u00e1cter propio, es necesario&hellip;<\/p>\n","protected":false},"author":4,"featured_media":0,"parent":0,"menu_order":0,"comment_status":"closed","ping_status":"closed","template":"","meta":[],"class_list":["post-35176","page","type-page","status-publish","hentry","description-off"],"yoast_head":"<!-- This site is optimized with the Yoast SEO Premium plugin v27.0 (Yoast SEO v27.5) - https:\/\/yoast.com\/product\/yoast-seo-premium-wordpress\/ -->\n<title>Urbanismo - Alarcon &amp; Matosas<\/title>\n<meta name=\"robots\" content=\"index, follow, max-snippet:-1, max-image-preview:large, max-video-preview:-1\" \/>\n<link rel=\"canonical\" href=\"https:\/\/www.alarcon-matosas.com\/es\/urbanisme\/\" \/>\n<meta property=\"og:locale\" content=\"es_ES\" \/>\n<meta property=\"og:type\" content=\"article\" \/>\n<meta property=\"og:title\" content=\"Urbanismo\" \/>\n<meta property=\"og:description\" content=\"[vc_row][vc_column width=\u00bb1\/1&#8243;][vc_empty_space height=\u00bb40px\u00bb][vc_column_text css_animation=\u00bbfadeIn\u00bb] Urbanismo [\/vc_column_text][vc_empty_space height=\u00bb40px\u00bb][\/vc_column][\/vc_row][vc_row][vc_column width=\u00bb1\/2&#8243;][vc_column_text css_animation=\u00bbfadeIn\u00bb]m. Conjunto de conocimentos relacionado con la planificaci\u00f3n y desarrollo de las cuidades. [\/vc_column_text][\/vc_column][vc_column width=\u00bb1\/2&#8243;][vc_column_text css_animation=\u00bbfadeIn\u00bb] m. Organizaci\u00f3n u ordenaci\u00f3n de los edificios y espacios de una ciudad. [\/vc_column_text][\/vc_column][\/vc_row][vc_row][vc_column width=\u00bb1\/1&#8243;][vc_empty_space height=\u00bb40px\u00bb][\/vc_column][\/vc_row][vc_empty_space height=\u00bb40px\u00bb][vc_row][vc_column width=\u00bb1\/4&#8243;][vc_column_text css_animation=\u00bbfadeIn\u00bb] TERRITORIO Cada territorio es un espacio \u00fanico con un car\u00e1cter propio, es necesario&hellip;\" \/>\n<meta property=\"og:url\" content=\"https:\/\/www.alarcon-matosas.com\/es\/urbanisme\/\" \/>\n<meta property=\"og:site_name\" content=\"Alarcon &amp; Matosas\" \/>\n<meta property=\"article:modified_time\" content=\"2016-10-02T17:08:35+00:00\" \/>\n<meta name=\"twitter:card\" content=\"summary_large_image\" \/>\n<meta name=\"twitter:label1\" content=\"Tiempo de lectura\" \/>\n\t<meta name=\"twitter:data1\" content=\"1 minuto\" \/>\n<script type=\"application\/ld+json\" class=\"yoast-schema-graph\">{\"@context\":\"https:\\\/\\\/schema.org\",\"@graph\":[{\"@type\":\"WebPage\",\"@id\":\"https:\\\/\\\/www.alarcon-matosas.com\\\/es\\\/urbanisme\\\/\",\"url\":\"https:\\\/\\\/www.alarcon-matosas.com\\\/es\\\/urbanisme\\\/\",\"name\":\"Urbanismo - Alarcon &amp; Matosas\",\"isPartOf\":{\"@id\":\"https:\\\/\\\/www.alarcon-matosas.com\\\/es\\\/#website\"},\"datePublished\":\"2014-12-22T13:13:13+00:00\",\"dateModified\":\"2016-10-02T17:08:35+00:00\",\"breadcrumb\":{\"@id\":\"https:\\\/\\\/www.alarcon-matosas.com\\\/es\\\/urbanisme\\\/#breadcrumb\"},\"inLanguage\":\"es\",\"potentialAction\":[{\"@type\":\"ReadAction\",\"target\":[\"https:\\\/\\\/www.alarcon-matosas.com\\\/es\\\/urbanisme\\\/\"]}]},{\"@type\":\"BreadcrumbList\",\"@id\":\"https:\\\/\\\/www.alarcon-matosas.com\\\/es\\\/urbanisme\\\/#breadcrumb\",\"itemListElement\":[{\"@type\":\"ListItem\",\"position\":1,\"name\":\"Inici\",\"item\":\"https:\\\/\\\/www.alarcon-matosas.com\\\/es\\\/\"},{\"@type\":\"ListItem\",\"position\":2,\"name\":\"Urbanismo\"}]},{\"@type\":\"WebSite\",\"@id\":\"https:\\\/\\\/www.alarcon-matosas.com\\\/es\\\/#website\",\"url\":\"https:\\\/\\\/www.alarcon-matosas.com\\\/es\\\/\",\"name\":\"Alarcon &amp; Matosas\",\"description\":\"Arquitectura Barcelona\",\"potentialAction\":[{\"@type\":\"SearchAction\",\"target\":{\"@type\":\"EntryPoint\",\"urlTemplate\":\"https:\\\/\\\/www.alarcon-matosas.com\\\/es\\\/?s={search_term_string}\"},\"query-input\":{\"@type\":\"PropertyValueSpecification\",\"valueRequired\":true,\"valueName\":\"search_term_string\"}}],\"inLanguage\":\"es\"}]}<\/script>\n<!-- \/ Yoast SEO Premium plugin. -->","yoast_head_json":{"title":"Urbanismo - Alarcon &amp; Matosas","robots":{"index":"index","follow":"follow","max-snippet":"max-snippet:-1","max-image-preview":"max-image-preview:large","max-video-preview":"max-video-preview:-1"},"canonical":"https:\/\/www.alarcon-matosas.com\/es\/urbanisme\/","og_locale":"es_ES","og_type":"article","og_title":"Urbanismo","og_description":"[vc_row][vc_column width=\u00bb1\/1&#8243;][vc_empty_space height=\u00bb40px\u00bb][vc_column_text css_animation=\u00bbfadeIn\u00bb] Urbanismo [\/vc_column_text][vc_empty_space height=\u00bb40px\u00bb][\/vc_column][\/vc_row][vc_row][vc_column width=\u00bb1\/2&#8243;][vc_column_text css_animation=\u00bbfadeIn\u00bb]m. Conjunto de conocimentos relacionado con la planificaci\u00f3n y desarrollo de las cuidades. [\/vc_column_text][\/vc_column][vc_column width=\u00bb1\/2&#8243;][vc_column_text css_animation=\u00bbfadeIn\u00bb] m. Organizaci\u00f3n u ordenaci\u00f3n de los edificios y espacios de una ciudad. [\/vc_column_text][\/vc_column][\/vc_row][vc_row][vc_column width=\u00bb1\/1&#8243;][vc_empty_space height=\u00bb40px\u00bb][\/vc_column][\/vc_row][vc_empty_space height=\u00bb40px\u00bb][vc_row][vc_column width=\u00bb1\/4&#8243;][vc_column_text css_animation=\u00bbfadeIn\u00bb] TERRITORIO Cada territorio es un espacio \u00fanico con un car\u00e1cter propio, es necesario&hellip;","og_url":"https:\/\/www.alarcon-matosas.com\/es\/urbanisme\/","og_site_name":"Alarcon &amp; Matosas","article_modified_time":"2016-10-02T17:08:35+00:00","twitter_card":"summary_large_image","twitter_misc":{"Tiempo de lectura":"1 minuto"},"schema":{"@context":"https:\/\/schema.org","@graph":[{"@type":"WebPage","@id":"https:\/\/www.alarcon-matosas.com\/es\/urbanisme\/","url":"https:\/\/www.alarcon-matosas.com\/es\/urbanisme\/","name":"Urbanismo - Alarcon &amp; Matosas","isPartOf":{"@id":"https:\/\/www.alarcon-matosas.com\/es\/#website"},"datePublished":"2014-12-22T13:13:13+00:00","dateModified":"2016-10-02T17:08:35+00:00","breadcrumb":{"@id":"https:\/\/www.alarcon-matosas.com\/es\/urbanisme\/#breadcrumb"},"inLanguage":"es","potentialAction":[{"@type":"ReadAction","target":["https:\/\/www.alarcon-matosas.com\/es\/urbanisme\/"]}]},{"@type":"BreadcrumbList","@id":"https:\/\/www.alarcon-matosas.com\/es\/urbanisme\/#breadcrumb","itemListElement":[{"@type":"ListItem","position":1,"name":"Inici","item":"https:\/\/www.alarcon-matosas.com\/es\/"},{"@type":"ListItem","position":2,"name":"Urbanismo"}]},{"@type":"WebSite","@id":"https:\/\/www.alarcon-matosas.com\/es\/#website","url":"https:\/\/www.alarcon-matosas.com\/es\/","name":"Alarcon &amp; Matosas","description":"Arquitectura Barcelona","potentialAction":[{"@type":"SearchAction","target":{"@type":"EntryPoint","urlTemplate":"https:\/\/www.alarcon-matosas.com\/es\/?s={search_term_string}"},"query-input":{"@type":"PropertyValueSpecification","valueRequired":true,"valueName":"search_term_string"}}],"inLanguage":"es"}]}},"_links":{"self":[{"href":"https:\/\/www.alarcon-matosas.com\/es\/wp-json\/wp\/v2\/pages\/35176","targetHints":{"allow":["GET"]}}],"collection":[{"href":"https:\/\/www.alarcon-matosas.com\/es\/wp-json\/wp\/v2\/pages"}],"about":[{"href":"https:\/\/www.alarcon-matosas.com\/es\/wp-json\/wp\/v2\/types\/page"}],"author":[{"embeddable":true,"href":"https:\/\/www.alarcon-matosas.com\/es\/wp-json\/wp\/v2\/users\/4"}],"replies":[{"embeddable":true,"href":"https:\/\/www.alarcon-matosas.com\/es\/wp-json\/wp\/v2\/comments?post=35176"}],"version-history":[{"count":0,"href":"https:\/\/www.alarcon-matosas.com\/es\/wp-json\/wp\/v2\/pages\/35176\/revisions"}],"wp:attachment":[{"href":"https:\/\/www.alarcon-matosas.com\/es\/wp-json\/wp\/v2\/media?parent=35176"}],"curies":[{"name":"wp","href":"https:\/\/api.w.org\/{rel}","templated":true}]}}

<div class="wpb-content-wrapper"><p>[vc_row][vc_column width=»1/1&#8243;][vc_empty_space height=»40px»][vc_column_text css_animation=»fadeIn»]</p>
<h2>Urbanismo</h2>
<h4></h4>
<p>[/vc_column_text][vc_empty_space height=»40px»][/vc_column][/vc_row][vc_row][vc_column width=»1/2&#8243;][vc_column_text css_animation=»fadeIn»]<em><span class="body">m. Conjunto de conocimentos relacionado con la planificación y desarrollo de las cuidades.<br />
</span></em>[/vc_column_text][/vc_column][vc_column width=»1/2&#8243;][vc_column_text css_animation=»fadeIn»]</p>
<p><em><span class="tagline">m.</span><span class="body"><span class="tip"> Organización u ordenación de los edificios y espacios de una ciudad.</span></span></em></p>
<p>[/vc_column_text][/vc_column][/vc_row][vc_row][vc_column width=»1/1&#8243;][vc_empty_space height=»40px»][/vc_column][/vc_row][vc_empty_space height=»40px»][vc_row][vc_column width=»1/4&#8243;][vc_column_text css_animation=»fadeIn»]</p>
<h4>TERRITORIO</h4>
<p>Cada territorio es un espacio único con un carácter propio, es necesario reconocer sus características diferenciadoras para poder respetarlas y potenciarlas.</p>
<p>[/vc_column_text][vc_empty_space height=»20px»][/vc_column][vc_column width=»1/4&#8243;][vc_column_text css_animation=»fadeIn»]</p>
<h4>CIUDADANOS</h4>
<p>Los espacios de uso público son un regalo para los habitantes de cada pueblo o ciudad, deben diseñarse para servir a sus necesidades.</p>
<p>&nbsp;</p>
<p>[/vc_column_text][vc_empty_space height=»20px»][/vc_column][vc_column width=»1/4&#8243;][vc_column_text css_animation=»fadeIn»]</p>
<h4>USOS</h4>
<p>Los espacios públicos deben poder ser utilizados por todos los cuidadanos, conseguir una buena accessibilidad debe ser el principal objectivo.</p>
<p>&nbsp;</p>
<p>[/vc_column_text][vc_empty_space height=»20px»][/vc_column][vc_column width=»1/4&#8243;][vc_column_text css_animation=»fadeIn»]</p>
<h4>CONSERVACIÓN</h4>
<p>Utilizar materiales durables y seguros hace que los espacios puedan ser disfrutados en optimas condiciones a pesar del paso del tiempo.</p>
<p>&nbsp;</p>
<p>[/vc_column_text][vc_empty_space height=»20px»][/vc_column][/vc_row][vc_column width=»1/4&#8243;][vc_empty_space height=»20px»][/vc_column]</p>
</div>

<p>[vc_row][vc_column width=»1/1&#8243;][vc_empty_space height=»40px»][vc_column_text css_animation=»fadeIn»] Urbanismo [/vc_column_text][vc_empty_space height=»40px»][/vc_column][/vc_row][vc_row][vc_column width=»1/2&#8243;][vc_column_text css_animation=»fadeIn»]m. Conjunto de conocimentos relacionado con la planificación y desarrollo de las cuidades. [/vc_column_text][/vc_column][vc_column width=»1/2&#8243;][vc_column_text css_animation=»fadeIn»] m. Organización u ordenación de los edificios y espacios de una ciudad. [/vc_column_text][/vc_column][/vc_row][vc_row][vc_column width=»1/1&#8243;][vc_empty_space height=»40px»][/vc_column][/vc_row][vc_empty_space height=»40px»][vc_row][vc_column width=»1/4&#8243;][vc_column_text css_animation=»fadeIn»] TERRITORIO Cada territorio es un espacio único con un carácter propio, es necesario&hellip;</p>

<!-- This site is optimized with the Yoast SEO Premium plugin v27.0 (Yoast SEO v27.5) - https://yoast.com/product/yoast-seo-premium-wordpress/ -->
<title>Urbanismo - Alarcon &amp; Matosas</title>
<meta name="robots" content="index, follow, max-snippet:-1, max-image-preview:large, max-video-preview:-1" />
<link rel="canonical" href="https://www.alarcon-matosas.com/es/urbanisme/" />
<meta property="og:locale" content="es_ES" />
<meta property="og:type" content="article" />
<meta property="og:title" content="Urbanismo" />
<meta property="og:description" content="[vc_row][vc_column width=»1/1&#8243;][vc_empty_space height=»40px»][vc_column_text css_animation=»fadeIn»] Urbanismo [/vc_column_text][vc_empty_space height=»40px»][/vc_column][/vc_row][vc_row][vc_column width=»1/2&#8243;][vc_column_text css_animation=»fadeIn»]m. Conjunto de conocimentos relacionado con la planificación y desarrollo de las cuidades. [/vc_column_text][/vc_column][vc_column width=»1/2&#8243;][vc_column_text css_animation=»fadeIn»] m. Organización u ordenación de los edificios y espacios de una ciudad. [/vc_column_text][/vc_column][/vc_row][vc_row][vc_column width=»1/1&#8243;][vc_empty_space height=»40px»][/vc_column][/vc_row][vc_empty_space height=»40px»][vc_row][vc_column width=»1/4&#8243;][vc_column_text css_animation=»fadeIn»] TERRITORIO Cada territorio es un espacio único con un carácter propio, es necesario&hellip;" />
<meta property="og:url" content="https://www.alarcon-matosas.com/es/urbanisme/" />
<meta property="og:site_name" content="Alarcon &amp; Matosas" />
<meta property="article:modified_time" content="2016-10-02T17:08:35+00:00" />
<meta name="twitter:card" content="summary_large_image" />
<meta name="twitter:label1" content="Tiempo de lectura" />
	<meta name="twitter:data1" content="1 minuto" />
<script type="application/ld+json" class="yoast-schema-graph">{"@context":"https:\/\/schema.org","@graph":[{"@type":"WebPage","@id":"https:\/\/www.alarcon-matosas.com\/es\/urbanisme\/","url":"https:\/\/www.alarcon-matosas.com\/es\/urbanisme\/","name":"Urbanismo - Alarcon &amp; Matosas","isPartOf":{"@id":"https:\/\/www.alarcon-matosas.com\/es\/#website"},"datePublished":"2014-12-22T13:13:13+00:00","dateModified":"2016-10-02T17:08:35+00:00","breadcrumb":{"@id":"https:\/\/www.alarcon-matosas.com\/es\/urbanisme\/#breadcrumb"},"inLanguage":"es","potentialAction":[{"@type":"ReadAction","target":["https:\/\/www.alarcon-matosas.com\/es\/urbanisme\/"]}]},{"@type":"BreadcrumbList","@id":"https:\/\/www.alarcon-matosas.com\/es\/urbanisme\/#breadcrumb","itemListElement":[{"@type":"ListItem","position":1,"name":"Inici","item":"https:\/\/www.alarcon-matosas.com\/es\/"},{"@type":"ListItem","position":2,"name":"Urbanismo"}]},{"@type":"WebSite","@id":"https:\/\/www.alarcon-matosas.com\/es\/#website","url":"https:\/\/www.alarcon-matosas.com\/es\/","name":"Alarcon &amp; Matosas","description":"Arquitectura Barcelona","potentialAction":[{"@type":"SearchAction","target":{"@type":"EntryPoint","urlTemplate":"https:\/\/www.alarcon-matosas.com\/es\/?s={search_term_string}"},"query-input":{"@type":"PropertyValueSpecification","valueRequired":true,"valueName":"search_term_string"}}],"inLanguage":"es"}]}</script>
<!-- / Yoast SEO Premium plugin. -->

[vc_row][vc_column width=»1/1&#8243;][vc_empty_space height=»40px»][vc_column_text css_animation=»fadeIn»] Urbanismo [/vc_column_text][vc_empty_space height=»40px»][/vc_column][/vc_row][vc_row][vc_column width=»1/2&#8243;][vc_column_text css_animation=»fadeIn»]m. Conjunto de conocimentos relacionado con la planificación y desarrollo de las cuidades. [/vc_column_text][/vc_column][vc_column width=»1/2&#8243;][vc_column_text css_animation=»fadeIn»] m. Organización u ordenación de los edificios y espacios de una ciudad. [/vc_column_text][/vc_column][/vc_row][vc_row][vc_column width=»1/1&#8243;][vc_empty_space height=»40px»][/vc_column][/vc_row][vc_empty_space height=»40px»][vc_row][vc_column width=»1/4&#8243;][vc_column_text css_animation=»fadeIn»] TERRITORIO Cada territorio es un espacio único con un carácter propio, es necesario&hellip;
